) in base 8?
262361
-101001000011 (base 2) to base 10
-2627
208 (base 15) to base 11
387
Convert -873 (base 15) to base 11.
-1485
Convert -1273b (base 12) to base 9.
-37562
What is 85677 (base 9) in base 13?
1ca59
Convert 2531 (base 6) to base 14.
331
532 (base 10) to base 13
31c
31223 (base 7) to base 12
4525
53806 (base 9) to base 12
18766
What is -33021 (base 6) in base 5?
-121144
What is 3178 (base 9) in base 15?
a5e
-1201 (base 4) to base 7
-166
Convert 736 (base 9) to base 15.
2a0
What is 22 (base 11) in base 8?
30
Convert -10110001 (base 2) to base 7.
-342
133230 (base 4) to base 15
903
Convert -1300 (base 9) to base 8.
-1714
What is -3a9 (base 14) in base 11?
-610
1001101001 (base 2) to base 4
21221
431 (base 9) to base 7
1012
What is -12a9 (base 13) in base 12?
-166a
What is 11102 (base 4) in base 10?
338
657 (base 12) to base 10
931
What is -351f (base 16) in base 3?
-200122200
Convert 40 (base 6) to base 3.
220
Convert -3640 (base 11) to base 9.
-6472
What is 316 (base 10) in base 5?
2231
1110001001011 (base 2) to base 7
30055
-53560 (base 8) to base 12
-10b54
Convert 10005 (base 6) to base 12.
905
15153 (base 7) to base 14
1763
Convert c42 (base 14) to base 9.
3267
Convert 5bb (base 15) to base 7.
3536
What is -145 (base 11) in base 4?
-2222
What is -354 (base 8) in base 2?
-11101100
What is 2216 (base 12) in base 9?
5140
Convert -26857 (base 12) to base 13.
-1b1c6
Convert 366 (base 9) to base 15.
153
-2443042 (base 5) to base 3
-2100222200
What is -12201112 (base 3) in base 16?
-104c
-705c (base 15) to base 13
-aa40
What is 13630 (base 7) in base 11?
28a5
What is -2540 (base 7) in base 4?
-32333
-241041 (base 6) to base 4
-11013301
2d0 (base 14) to base 3
210021
Convert -13310202 (base 4) to base 7.
-162252
42107 (base 9) to base 2
110110010001110
-3f1 (base 16) to base 13
-5c8
Convert 1075 (base 9) to base 10.
797
-67 (base 10) to base 5
-232
-3ab (base 13) to base 3
-220000
What is -4033134 (base 5) in base 12?
-315b6
Convert 333 (base 15) to base 11.
5a8
What is -5408 (base 10) in base 12?
-3168
Convert -2388 (base 11) to base 16.
-c31
76dc (base 14) to base 15
616d
-41 (base 13) to base 9
-58
-6cc (base 16) to base 12
-1010
1609 (base 16) to base 2
1011000001001
37a8 (base 11) to base 8
11536
20312331 (base 4) to base 13
13692
-10010111101 (base 2) to base 16
-4bd
Convert 21112 (base 3) to base 16.
cb
What is -21110 (base 4) in base 16?
-254
-1442 (base 5) to base 6
-1051
What is 6156 (base 7) in base 8?
4144
814 (base 14) to base 11
1212
24a76 (base 13) to base 7
401240
Convert -3204 (base 8) to base 2.
-11010000100
What is 23223 (base 5) in base 15?
778
2011 (base 6) to base 4
12313
122121 (base 5) to base 7
16406
Convert -934 (base 10) to base 9.
-1247
-3323 (base 5) to base 14
-251
-240415 (base 6) to base 13
-9680
Convert 22230 (base 7) to base 9.
7620
Convert 2492b (base 12) to base 2.
1100001000110011
What is 11021 (base 4) in base 13?
1c4
Convert -3863 (base 10) to base 7.
-14156
What is -9a (base 13) in base 9?
-151
Convert -1022121 (base 3) to base 5.
-12321
9478 (base 11) to base 8
30404
What is 3231 (base 4) in base 2?
11101101
Convert -2053 (base 8) to base 7.
-3053
-10011 (base 6) to base 14
-691
Convert 1607 (base 10) to base 16.
647
Convert -66bd (base 14) to base 10.
-17807
What is -2141 (base 10) in base 13?
-c89
What is -555 (base 8) in base 2?
-101101101
1327 (base 8) to base 3
222221
11422 (base 6) to base 13
9b6
Convert 34ab (base 12) to base 15.
1b2b
Convert 272 (base 10) to base 7.
536
What is 9791 (base 11) in base 8?
31176
What is -12584 (base 9) in base 2?
-10000100110100
What is 11ae (base 16) in base 12?
2752
What is -11100100001 (base 2) in base 15?
-81a
103033 (base 4) to base 14
63d
What is -149 (base 13) in base 4?
-3212
Convert -ca0 (base 13) to base 14.
-b02
What is -2185 (base 9) in base 11?
-123a
What is 667 (base 8) in base 4?
12313
Convert 905 (base 10) to base 2.
1110001001
Convert -315412 (base 6) to base 12.
-12b68
10110211 (base 3) to base 14
ccd
-15171 (base 8) to base 5
-204102
Convert 2530 (base 6) to base 5.
10010
131021 (base 4) to base 12
10b5
What is 11002 (base 4) in base 5?
2242
-3621 (base 7) to base 16
-53a
Convert -4464 (base 11) to base 6.
-43114
Convert a02 (base 11) to base 5.
14322
Convert 531 (base 9) to base 16.
1b1
What is 8814 (base 9) in base 13?
2c56
What is 2025 (base 7) in base 5?
10310
What is -2a45 (base 12) in base 9?
-6708
Convert 533 (base 12) to base 3.
1001010
What is 22231 (base 5) in base 7?
4365
Convert -23356 (base 11) to base 3.
-1201020010
What is -1877 (base 9) in base 5?
-21242
What is -3a7 (base 12) in base 15?
-274
What is 201221 (base 3) in base 13?
325
Convert 321454 (base 6) to base 3.
1100002121
What is 176 (base 15) in base 9?
413
Convert 25060 (base 7) to base 9.
8887
Convert 675 (base 8) to base 16.
1bd
Convert -1a83 (base 15) to base 7.
-22521
451101 (base 6) to base 9
56811
Convert 26122 (base 9) to base 16.
44bd
What is -21 (base 15) in base 10?
-31
-28 (base 14) to base 4
-210
Convert -14213 (base 5) to base 15.
-53d
What is 5691 (base 13) in base 7?
50220
3441 (base 6) to base 14
425
Convert -2b6c (base 13) to base 15.
-1d2d
Convert 13050 (base 6) to base 4.
132312
-22559 (base 13) to base 3
-10011122102
What is 120012211 (base 3) in base 12?
6504
Convert -196 (base 11) to base 10.
-226
What is 1b5 (base 12) in base 6?
1145
-181 (base 14) to base 9
-373
What is -1011101100100 (base 2) in base 8?
-13544
-5554 (base 7) to base 2
-11111001111
4645 (base 7) to base 15
784
Convert 1011111010 (base 2) to base 16.
2fa
8b3a (base 12) to base 8
36136
Convert a77 (base 11) to base 15.
5b4
What is 101110001101 (base 2) in base 8?
5615
-953 (base 13) to base 11
-1215
4363 (base 8) to base 14
b99
Convert -807 (base 16) to base 12.
-1233
What is -1848 (base 15) in base 8?
-12173
What is 31312 (base 4) in base 10?
886
What is -7b6 (base 13) in base 5?
-20312
-1423301 (base 5) to base 11
-20455
What is -1104 (base 9) in base 13?
-4a8
Convert -7dc (base 15) to base 4.
-123312
What is -5788 (base 9) in base 15?
-1412
-1480 (base 10) to base 8
-2710
-35 (base 15) to base 4
-302
What is -1232 (base 6) in base 4?
-10310
-424 (base 11) to base 5
-4020
Convert 5725 (base 11) to base 2.
1110101101001
Convert 34306 (base 9) to base 4.
11211000
Convert 11002222 (base 3) to base 14.
1140
-31a9 (base 12) to base 15
-193c
-1510 (base 10) to base 14
-79c
Convert -599 (base 11) to base 6.
-3145
-436 (base 8) to base 6
-1154
-23114 (base 5) to base 14
-867
11010100011 (base 2) to base 12
b97
12717 (base 10) to base 5
401332
Convert 370 (base 10) to base 11.
307
Convert -21683 (base 9) to base 10.
-14412
Convert 41b4 (base 13) to base 9.
13435
Convert -11022 (base 4) to base 15.
-170
What is 101 (base 14) in base 16?
c5
151 (base 11) to base 16
b1
Convert 1003 (base 4) to base 10.
67
What is -1011020121 (base 3) in base 14?
-842d
What is -2304030 (base 5) in base 8?
-120264
1 (base 4) to base 8
1
Convert -5912 (base 11) to base 4.
-1321031
What is -431103 (base 5) in base 14?
-541a
46 (base 12) to base 2
110110
Convert 7957 (base 10) to base 4.
1330111
Convert 30213130 (base 4) to base 5.
3123201
Convert -a789 (base 12) to base 6.
-221053
What is -14764 (base 9) in base 5?
-310402
What is 13211 (base 4) in base 8?
745
Convert 3003 (base 4) to base 8.
303
-642 (base 14) to base 10
-1234
1864e (base 15) to base 7
446315
d17 (base 16) to base 8
6427
What is 454 (base 15) in base 3?
1100021
What is -848c (base 14) in base 11?
-161a2
Convert 320 (base 13) to base 2.
1000010101
Convert 1210010 (base 3) to base 2.
10100010011
What is -1542 (base 12) in base 14?
-ca6
-cac (base 15) to base 8
-5456
What is 3270 (base 8) in base 11?
1324
What is 46470 (base 9) in base 5?
1443010
Convert 455e (base 15) to base 8.
34572
2a858 (base 11) to base 7
241116
What is -1054 (base 7) in base 6?
-1434
23003 (base 4) to base 2
1011000011
-1225 (base 14) to base 12
-1a01
What is -685 (base 15) in base 11?
-1121
What is 2d2 (base 15) in base 7?
1613
What is -1f93 (base 16) in base 7?
-32365
-4db (base 16) to base 4
-103123
Convert -211422 (base 5) to base 3.
-100202102
What is -453 (base 7) in base 5?
-1414
Convert -1000022 (base 3) to base 12.
-515
-4201 (base 6) to base 8
-1651
What